{"id":15295,"date":"2017-08-11T11:54:44","date_gmt":"2017-08-11T11:54:44","guid":{"rendered":"http:\/\/www.krokodil.rs\/eng\/?page_id=15295"},"modified":"2021-01-21T12:53:33","modified_gmt":"2021-01-21T12:53:33","slug":"festival-krokodil-2017","status":"publish","type":"page","link":"https:\/\/www.krokodil.rs\/eng\/festival-krokodil-2017\/","title":{"rendered":"FESTIVAL KROKODIL 2017"},"content":{"rendered":"<section class=\"wpb-content-wrapper\"><p>[vc_row css_animation=&#8221;&#8221; row_type=&#8221;row&#8221; use_row_as_full_screen_section=&#8221;no&#8221; type=&#8221;grid&#8221; angled_section=&#8221;no&#8221; text_align=&#8221;left&#8221; background_image_as_pattern=&#8221;without_pattern&#8221; padding_top=&#8221;87&#8243;][vc_column][vc_column_text]<\/p>\n<h2 lang=\"en-GB\" align=\"CENTER\">\u00a0FESTIVAL KROKODIL 2017.<\/h2>\n<p>[\/vc_column_text][vc_separator type=&#8221;small&#8221; position=&#8221;center&#8221; color=&#8221;#ff7000&#8243;][vc_column_text]<\/p>\n<h4 lang=\"en-GB\" align=\"CENTER\"><em><span lang=\"en-GB\">\u2013 \u00a0<\/span><\/em>TAMING THE DARKNESS\u00a0<em><span lang=\"en-GB\">\u2013<\/span><\/em><\/h4>\n<p>[\/vc_column_text][vc_separator type=&#8221;transparent&#8221; up=&#8221;31&#8243; down=&#8221;10&#8243;][vc_separator type=&#8221;normal&#8221; down=&#8221;30&#8243;][\/vc_column][\/vc_row][vc_row css_animation=&#8221;&#8221; row_type=&#8221;row&#8221; use_row_as_full_screen_section=&#8221;no&#8221; type=&#8221;full_width&#8221; angled_section=&#8221;no&#8221; text_align=&#8221;left&#8221; background_image_as_pattern=&#8221;without_pattern&#8221; side_padding=&#8221;10&#8243; padding_top=&#8221;50&#8243; padding_bottom=&#8221;70&#8243;][vc_column width=&#8221;1\/2&#8243;][vc_single_image image=&#8221;15300&#8243; img_size=&#8221;large&#8221; alignment=&#8221;center&#8221; style=&#8221;vc_box_shadow&#8221; qode_css_animation=&#8221;&#8221;][\/vc_column][vc_column width=&#8221;1\/2&#8243;]<div class='q_icon_with_title tiny normal_icon '><div class=\"icon_holder \" style=\" \"><span data-icon-type=\"normal\"   style=\"\" class=\"qode_iwt_icon_holder q_font_awsome_icon fa-lg  \"><i class=\"qode_icon_font_awesome fa fa-location-arrow qode_iwt_icon_element\" style=\"color: #f77000;\" ><\/i><\/span><\/div><div class=\"icon_text_holder\" style=\"\"><div class=\"icon_text_inner\" style=\"\"><h5 class=\"icon_title\" style=\"color: #f77000;\">WHEN<\/h5><p style=''><\/p><\/div><\/div><\/div>[vc_column_text]<\/p>\n<p class=\"p1\"><strong><span class=\"s1\">16\/17\/18 June 2017 &#8211;<\/span><span class=\"s1\">\u00a0Belgrade<\/span><\/strong><\/p>\n<p>[\/vc_column_text][vc_separator type=&#8221;transparent&#8221; down=&#8221;10px&#8221;]<div class='q_icon_with_title tiny normal_icon '><div class=\"icon_holder \" style=\" \"><span data-icon-type=\"normal\"   style=\"\" class=\"qode_iwt_icon_holder q_font_awsome_icon fa-lg  \"><i class=\"qode_icon_font_awesome fa fa-location-arrow qode_iwt_icon_element\" style=\"color: #f77000;\" ><\/i><\/span><\/div><div class=\"icon_text_holder\" style=\"\"><div class=\"icon_text_inner\" style=\"\"><h5 class=\"icon_title\" style=\"color: #f77000;\">WHERE<\/h5><p style=''><\/p><\/div><\/div><\/div>[vc_column_text]<\/p>\n<p class=\"p1\"><strong>Amphitheater in front of the Museum of Yugoslavia, Boti\u0107eva 6<\/strong><\/p>\n<p class=\"p1\"><strong><span class=\"s1\">Debate program: CZKD, Bir\u010daninova 6<\/span><\/strong><\/p>\n<p>[\/vc_column_text][vc_separator type=&#8221;transparent&#8221; down=&#8221;10px&#8221;]<div class='q_icon_with_title tiny normal_icon '><div class=\"icon_holder \" style=\" \"><span data-icon-type=\"normal\"   style=\"\" class=\"qode_iwt_icon_holder q_font_awsome_icon fa-lg  \"><i class=\"qode_icon_font_awesome fa fa-location-arrow qode_iwt_icon_element\" style=\"color: #f77000;\" ><\/i><\/span><\/div><div class=\"icon_text_holder\" style=\"\"><div class=\"icon_text_inner\" style=\"\"><h5 class=\"icon_title\" style=\"color: #f77000;\">PARTICIPANTS<\/h5><p style=''><\/p><\/div><\/div><\/div>[vc_column_text]<\/p>\n<p class=\"p1\"><strong>Lamija Begagi\u0107, Svetlana Slap\u0161ak, Zoran Feri\u0107, Ivan Ivanji, Sr\u0111an Karanovi\u0107, Igor \u0160tiks, Snje\u017eana Kordi\u0107, Erlend Lu, Dragan Markovina, Teofil Pan\u010di\u0107, Borka Pavi\u0107evi\u0107, Olja Savi\u010devi\u0107 Ivan\u010devi\u0107, Sven Popovi\u0107, Goran Tarla\u0107, Slobodan Ti\u0161ma, Lordan Zafranovi\u0107 and Aleksandar Zograf &#8211; Program moderators: Kruno Lokotar, Mima Simi\u0107, Vladimir Arseni\u0107, Ivan Velisavljevi\u0107 and Dragan Kremer &#8211; KROKODIL Radio: Mjehur na mre\u017ei<\/strong><\/p>\n<p>[\/vc_column_text][\/vc_column][\/vc_row][vc_row css_animation=&#8221;&#8221; row_type=&#8221;row&#8221; use_row_as_full_screen_section=&#8221;no&#8221; type=&#8221;full_width&#8221; angled_section=&#8221;no&#8221; text_align=&#8221;left&#8221; background_image_as_pattern=&#8221;without_pattern&#8221;][vc_column][vc_gallery type=&#8221;image_grid&#8221; images=&#8221;15303,15302,15308,15306&#8243; img_size=&#8221;600&#215;600&#8243; onclick=&#8221;custom_link&#8221; column_number=&#8221;4&#8243; grayscale=&#8221;no&#8221; images_space=&#8221;gallery_without_space&#8221; custom_links=&#8221;#E-8_aHR0cCUzQSUyRiUyRnd3dy5rcm9rb2RpbC5ycyUyRmdhbGVyaWphLWZlc3RpdmFsYS1rcm9rb2RpbC0yMDE3JTJGJTJDaHR0cCUzQSUyRiUyRnd3dy5rcm9rb2RpbC5ycyUyRmdhbGVyaWphLWZlc3RpdmFsYS1rcm9rb2RpbC0yMDE3JTJGJTJDaHR0cCUzQSUyRiUyRnd3dy5rcm9rb2RpbC5ycyUyRmdhbGVyaWphLWZlc3RpdmFsYS1rcm9rb2RpbC0yMDE3JTJGJTJDaHR0cCUzQSUyRiUyRnd3dy5rcm9rb2RpbC5ycyUyRmdhbGVyaWphLWZlc3RpdmFsYS1rcm9rb2RpbC0yMDE3JTJG&#8221;][\/vc_column][\/vc_row][vc_row css_animation=&#8221;&#8221; row_type=&#8221;row&#8221; use_row_as_full_screen_section=&#8221;no&#8221; type=&#8221;grid&#8221; angled_section=&#8221;no&#8221; text_align=&#8221;left&#8221; background_image_as_pattern=&#8221;without_pattern&#8221; background_color=&#8221;#ffffff&#8221; padding_top=&#8221;78&#8243; padding_bottom=&#8221;14&#8243;][vc_column][vc_separator type=&#8221;transparent&#8221; up=&#8221;10&#8243;][vc_column_text]<span style=\"font-weight: 400;\">The ninth\u00a0 edition of the KROKODIL Festival, under the title <\/span><b>Taming the Darkness,<\/b><span style=\"font-weight: 400;\"> was\u00a0 held on the 16th, 17th and 18th of June, 2017. The festival\u2019s evening program on the 16th and 17th of June was\u00a0 traditionally held in the amphitheater in front of the Museum of Yugoslavia (Boti\u0107eva 6), while the daily-debate programs were held on the 17th and 18th of June at the Center for Cultural Decontamination (Bir\u010daninova 21).<\/span><\/p>\n<p>&nbsp;<\/p>\n<p><span style=\"font-weight: 400;\">At this year\u2019s festival, the audience had\u00a0 the opportunity to see the famous Norwegian writer <\/span><b>Erlend Loe<\/b><span style=\"font-weight: 400;\">, a favorite of the local literary scene. Thanks to his\u00a0 recognizable ironic literary style, Erlend Loe has, in a very short period, become a cult Norwegian writer, as well as one of the most recognizable European authors today, with his books being translated to more than twenty languages.<\/span><\/p>\n<p>&nbsp;<\/p>\n<p><span style=\"font-weight: 400;\">From Prague, for the first sofa-interview of the KROKODIL Festival, we hosted\u00a0 Lordan Zafranovi\u0107, one of the most controversial and provocative film directors of the famous Prague school.<\/span><\/p>\n<p>&nbsp;<\/p>\n<p><span style=\"font-weight: 400;\">On the second festival night, we spoke to another film director whose work is closely connected to the Prague film school, Sr\u0111an Karanovi\u0107, about this work on film and television.<\/span><\/p>\n<p>&nbsp;<\/p>\n<p><span style=\"font-weight: 400;\">At this year\u2019s festival KROKODIL, we presented the writer and peace activist<\/span><b> Svetlana Slap\u0161ak,<\/b><span style=\"font-weight: 400;\"> the winner of this year\u2019s Vital award for her novel Ravnote\u017ea.<\/span><\/p>\n<p>&nbsp;<\/p>\n<p><span style=\"font-weight: 400;\">The\u00a0 recognized novelist and dramatist <\/span><b>Slobodan \u0160najder<\/b><span style=\"font-weight: 400;\"> read\u00a0 from his latest novel <\/span><i><span style=\"font-weight: 400;\">Doba mjedi<\/span><\/i><span style=\"font-weight: 400;\">, a great saga about the fate of <\/span><i><span style=\"font-weight: 400;\">Volksdeutsch<\/span><\/i><span style=\"font-weight: 400;\"> community in the former Yugoslavia, for whom in 2016 he received the Me\u0161a Selimovi\u0107 award, one of the most important in the region.\u00a0<\/span><\/p>\n<p>&nbsp;<\/p>\n<p><b>Ivan Ivanji, <\/b><span style=\"font-weight: 400;\">who spent more than twenty years as Josip Broz Tito\u2019s German translator, read from his latest novel <\/span><b>Moj lepi \u017eivot u paklu<\/b><span style=\"font-weight: 400;\">, in which he reflects on his life that began almost nine decades ago, in then Be\u010dkerek, and the experience he had as a sixteen year old Jewish boy at\u00a0 the Buchenwald death camp.<\/span><\/p>\n<p>&nbsp;<\/p>\n<p><span style=\"font-weight: 400;\">The novel <\/span><b>Pjeva\u010d u no\u0107i<\/b><span style=\"font-weight: 400;\">, a sophisticated love story, and at the same time, a serious critique of all our fascisms and fear of freedom, was\u00a0 written by award winning prose author and poet Olja Savi\u010devi\u0107 Ivan\u010devi\u0107, another participant of this year\u2019s festival KROKODIL. This novel was recently published in Serbia and the author presented this work as well as her poetry collection, Mamasafari.<\/span><\/p>\n<p>&nbsp;<\/p>\n<p><b>Lamija Begagi\u0107 <\/b><span style=\"font-weight: 400;\">is one of the most renowned young authors from Bosnia and Herzegovina. At this year\u2019s festival KROKODIL she presented her first novel <\/span><b>U zoni<\/b><span style=\"font-weight: 400;\">, a story about the life of a professional sportswoman who ends her career at the age of 35 and the new world she tries to create around her and in her.<\/span><\/p>\n<p>&nbsp;<\/p>\n<p><b>Zoran Feri\u0107<\/b><span style=\"font-weight: 400;\"> read\u00a0 from his\u00a0 novel <\/span><b>Na osami pored mora <\/b><span style=\"font-weight: 400;\">which\u00a0 deals with maturation and eroticism of the adulthood of Yugoslav hedonistic socialism. Feric\u2019s latest novel in Serbia was published by the publishing house Booka.<\/span><\/p>\n<p>&nbsp;<\/p>\n<p><span style=\"font-weight: 400;\">As a part of this year\u2019s festival, we also presented <\/span><b>Ogledala Lune<\/b><span style=\"font-weight: 400;\">, a book about one of the most significant bands of the early 80s, which is finally giving this music band its well deserved position. Apart from Slobodan Ti\u0161ma, the front-man and singer of the band, writer and NIN Award winner, the\u00a0 authors Goran Tarla\u0107, Predrag Buca Popovi\u0107 and Sa\u0161a Rakezi\u0107 will also discuss\u00a0 the book.<\/span><\/p>\n<p>&nbsp;<\/p>\n<p><span style=\"font-weight: 400;\">As a part of his\u00a0 lecture, <\/span><b>Aleksandar Zograf <\/b><span style=\"font-weight: 400;\">took\u00a0 us through the world of small discoveries (<\/span><b><i>Mala otkri\u0107a<\/i><\/b><span style=\"font-weight: 400;\">) which is the title of his latest collection of short, poetic and documentary comics he regularly draws for the magazine Vreme.<\/span><\/p>\n<p>&nbsp;<\/p>\n<p><span style=\"font-weight: 400;\">We also took a look back at the work of <\/span><b>Biljana Jovanovi\u0107,<\/b><span style=\"font-weight: 400;\"> one of the pioneers of feminist Yugoslav literature of the seventies and her recently republished cult novels <\/span><b>Pada Avala <\/b><span style=\"font-weight: 400;\">and <\/span><b>Psi i ostali.<\/b><\/p>\n<p>&nbsp;<\/p>\n<p><b>KROKODIL\u2019s residence program for writers<\/b><span style=\"font-weight: 400;\"> has been active since 2012 and so far has hosted 55 writers from eighteen countries. Through a conversation with our current guest at\u00a0 the residency, the\u00a0 young Croatian author <\/span><b>Sven Popovi\u0107<\/b><span style=\"font-weight: 400;\">, we focused\u00a0 on the importance of this program for continuous cultural exchange not only within the region but also across the whole of Europe.<\/span><\/p>\n<p><span style=\"font-weight: 400;\">\u00a0<\/span><span style=\"font-weight: 400;\">Along with\u00a0 sofa-interviews, performances, readings, as well as musical and acting performances, festival KROKODIL organized again this year various debates during which we tackled the most current socio-political topics from the perspective of arts and culture. <\/span><b>The debate program was\u00a0 held on the 17<\/b><b>th<\/b><b> and 18<\/b><b>th<\/b><b> of June at the Center for Cultural Decontamination in Belgrade.<\/b><\/p>\n<p><span style=\"font-weight: 400;\">\u00a0<\/span><span style=\"font-weight: 400;\">For the third consecutive year, the festival had\u00a0 a humanitarian character. The partner for this year\u2019s KROKODIL festival\u00a0 is <\/span><b>Hemofarm foundation<\/b><span style=\"font-weight: 400;\">, with whom we teamed up in 2016 regarding the project <\/span><b>PRODU\u017dI \u017dIVOT<\/b><span style=\"font-weight: 400;\">, with the goal of raising awareness of the importance of organ transplantation and donation. This year, we will draw attention to the necessity of organ donation and invite festival-goers to sign donor cards.<\/span><\/p>\n<p><span style=\"font-weight: 400;\">Program moderators: <\/span><b>Kruno Lokotar, Mima Simi\u0107, Vladimir Arseni\u0107, Ivan Velisavljevi\u0107, Igor \u0160tiks <\/b><span style=\"font-weight: 400;\">and<\/span><b> Dragan Kremer<\/b><span style=\"font-weight: 400;\">.<\/span><\/p>\n<p>&nbsp;<\/p>\n<p><img decoding=\"async\" loading=\"lazy\" class=\"aligncenter wp-image-15458\" src=\"http:\/\/www.krokodil.rs\/wp-content\/uploads\/2017\/06\/2017-Program-Festivala-2-1.jpg\" alt=\"\" width=\"619\" height=\"441\" \/><\/p>\n<p>&nbsp;<\/p>\n<p>&#8230;&#8230;<\/p>\n<p>Festival KROKODIL 2017 is supported by: Hemofarm fondacija, knji\u017eevna mre\u017ea Traduki, S. Fischer Stiftung, \u00a0<i>forum<\/i>ZFD and NORLA.<\/p>\n<p>Media partners:\u00a0Danas, Nedeljnik and Radio Laguna.[\/vc_column_text][\/vc_column][\/vc_row][vc_row css_animation=&#8221;&#8221; row_type=&#8221;row&#8221; use_row_as_full_screen_section=&#8221;no&#8221; type=&#8221;grid&#8221; angled_section=&#8221;no&#8221; text_align=&#8221;left&#8221; background_image_as_pattern=&#8221;without_pattern&#8221; background_color=&#8221;#ffffff&#8221; padding_top=&#8221;10&#8243;][vc_column][vc_separator type=&#8221;transparent&#8221; down=&#8221;30&#8243;][\/vc_column][\/vc_row][vc_row css_animation=&#8221;&#8221; row_type=&#8221;row&#8221; use_row_as_full_screen_section=&#8221;no&#8221; type=&#8221;grid&#8221; angled_section=&#8221;no&#8221; text_align=&#8221;left&#8221; background_image_as_pattern=&#8221;without_pattern&#8221; padding_top=&#8221;5&#8243; padding_bottom=&#8221;5&#8243;][vc_column]<div class='qode_carousels_holder clearfix'><div class='qode_carousels' data-number-of-visible-items=''><ul class='slides'><li class='item'><div class=\"carousel_item_holder\"><a itemprop='url' href='https:\/\/www.erstebank.rs\/rs\/' target='_blank'><span class='first_image_holder '><img itemprop=\"image\" src=\"http:\/\/www.krokodil.rs\/eng\/wp-content\/uploads\/2016\/08\/erste.png\" alt=\"carousel image\" \/><\/span><\/a><\/div><\/li><li class='item'><div class=\"carousel_item_holder\"><a itemprop='url' href='http:\/\/www.goethe.de\/ins\/cs\/sr\/bel.html?wt_sc=belgrad%3b' target='_blank'><span class='first_image_holder '><img itemprop=\"image\" src=\"http:\/\/www.krokodil.rs\/eng\/wp-content\/uploads\/2016\/08\/goethe.png\" alt=\"carousel image\" \/><\/span><\/a><\/div><\/li><li class='item'><div class=\"carousel_item_holder\"><a itemprop='url' href='http:\/\/www.kultura.gov.rs\/' target='_blank'><span class='first_image_holder '><img itemprop=\"image\" src=\"http:\/\/www.krokodil.rs\/eng\/wp-content\/uploads\/2016\/08\/ministarstvo.png\" alt=\"carousel image\" \/><\/span><\/a><\/div><\/li><li class='item'><div class=\"carousel_item_holder\"><a itemprop='url' href='http:\/\/www.beograd.rs\/' target='_blank'><span class='first_image_holder '><img itemprop=\"image\" src=\"http:\/\/www.krokodil.rs\/eng\/wp-content\/uploads\/2016\/08\/grad-beograd.png\" alt=\"carousel image\" \/><\/span><\/a><\/div><\/li><li class='item'><div class=\"carousel_item_holder\"><a itemprop='url' href='http:\/\/serbian.traduki.eu\/' target='_blank'><span class='first_image_holder '><img itemprop=\"image\" src=\"http:\/\/www.krokodil.rs\/eng\/wp-content\/uploads\/2016\/08\/traduki.png\" alt=\"carousel image\" \/><\/span><\/a><\/div><\/li><li class='item'><div class=\"carousel_item_holder\"><a itemprop='url' href='https:\/\/kulturstiftung.allianz.de\/en\/' target='_self'><span class='first_image_holder has_hover_image'><img itemprop=\"image\" src=\"http:\/\/www.krokodil.rs\/eng\/wp-content\/uploads\/2017\/03\/AKS-logo.png\" alt=\"carousel image\" \/><\/span><span class='second_image_holder has_hover_image'><img itemprop=\"image\" src=\"http:\/\/www.krokodil.rs\/eng\/wp-content\/uploads\/2017\/03\/AKS-logo.png\" alt=\"carousel image\" \/><\/span><\/a><\/div><\/li><\/ul><\/div><\/div>[\/vc_column][\/vc_row]<\/p>\n<\/section>","protected":false},"excerpt":{"rendered":"<p>[vc_row css_animation=&#8221;&#8221; row_type=&#8221;row&#8221; use_row_as_full_screen_section=&#8221;no&#8221; type=&#8221;grid&#8221; angled_section=&#8221;no&#8221; text_align=&#8221;left&#8221; background_image_as_pattern=&#8221;without_pattern&#8221; padding_top=&#8221;87&#8243;][vc_column][vc_column_text] \u00a0FESTIVAL KROKODIL 2017. [\/vc_column_text][vc_separator type=&#8221;small&#8221; position=&#8221;center&#8221; color=&#8221;#ff7000&#8243;][vc_column_text] \u2013 \u00a0TAMING THE DARKNESS\u00a0\u2013 [\/vc_column_text][vc_separator type=&#8221;transparent&#8221; up=&#8221;31&#8243; down=&#8221;10&#8243;][vc_separator type=&#8221;normal&#8221; down=&#8221;30&#8243;][\/vc_column][\/vc_row][vc_row css_animation=&#8221;&#8221; row_type=&#8221;row&#8221; use_row_as_full_screen_section=&#8221;no&#8221; type=&#8221;full_width&#8221; angled_section=&#8221;no&#8221; text_align=&#8221;left&#8221; background_image_as_pattern=&#8221;without_pattern&#8221; side_padding=&#8221;10&#8243; padding_top=&#8221;50&#8243; padding_bottom=&#8221;70&#8243;][vc_column width=&#8221;1\/2&#8243;][vc_single_image image=&#8221;15300&#8243; img_size=&#8221;large&#8221; alignment=&#8221;center&#8221; style=&#8221;vc_box_shadow&#8221; qode_css_animation=&#8221;&#8221;][\/vc_column][vc_column width=&#8221;1\/2&#8243;][vc_column_text] 16\/17\/18 June&#8230;<\/p>\n","protected":false},"author":1,"featured_media":0,"parent":0,"menu_order":0,"comment_status":"closed","ping_status":"closed","template":"full_width.php","meta":{"om_disable_all_campaigns":false,"_monsterinsights_skip_tracking":false,"_monsterinsights_sitenote_active":false,"_monsterinsights_sitenote_note":"","_monsterinsights_sitenote_category":0},"aioseo_notices":[],"_links":{"self":[{"href":"https:\/\/www.krokodil.rs\/eng\/wp-json\/wp\/v2\/pages\/15295"}],"collection":[{"href":"https:\/\/www.krokodil.rs\/eng\/wp-json\/wp\/v2\/pages"}],"about":[{"href":"https:\/\/www.krokodil.rs\/eng\/wp-json\/wp\/v2\/types\/page"}],"author":[{"embeddable":true,"href":"https:\/\/www.krokodil.rs\/eng\/wp-json\/wp\/v2\/users\/1"}],"replies":[{"embeddable":true,"href":"https:\/\/www.krokodil.rs\/eng\/wp-json\/wp\/v2\/comments?post=15295"}],"version-history":[{"count":7,"href":"https:\/\/www.krokodil.rs\/eng\/wp-json\/wp\/v2\/pages\/15295\/revisions"}],"predecessor-version":[{"id":16548,"href":"https:\/\/www.krokodil.rs\/eng\/wp-json\/wp\/v2\/pages\/15295\/revisions\/16548"}],"wp:attachment":[{"href":"https:\/\/www.krokodil.rs\/eng\/wp-json\/wp\/v2\/media?parent=15295"}],"curies":[{"name":"wp","href":"https:\/\/api.w.org\/{rel}","templated":true}]}}