{"id":15324,"date":"2017-08-11T12:30:17","date_gmt":"2017-08-11T12:30:17","guid":{"rendered":"http:\/\/www.krokodil.rs\/eng\/?page_id=15324"},"modified":"2017-08-14T10:58:02","modified_gmt":"2017-08-14T10:58:02","slug":"festival-krokodil-2013","status":"publish","type":"page","link":"https:\/\/www.krokodil.rs\/eng\/festival-krokodil-2013\/","title":{"rendered":"FESTIVAL KROKODIL 2013"},"content":{"rendered":"<section class=\"wpb-content-wrapper\"><p>[vc_row css_animation=&#8221;&#8221; row_type=&#8221;row&#8221; use_row_as_full_screen_section=&#8221;no&#8221; type=&#8221;grid&#8221; angled_section=&#8221;no&#8221; text_align=&#8221;left&#8221; background_image_as_pattern=&#8221;without_pattern&#8221; padding_top=&#8221;87&#8243;][vc_column][vc_column_text]<\/p>\n<h2 lang=\"en-GB\" align=\"CENTER\">\u00a0FESTIVA KROKODIL 2013.<\/h2>\n<p>[\/vc_column_text][vc_separator type=&#8221;small&#8221; position=&#8221;center&#8221; color=&#8221;#ff7000&#8243;][vc_column_text]<\/p>\n<h4 lang=\"en-GB\" align=\"CENTER\"><em><span lang=\"en-GB\">\u2013\u00a0<b>TEMA<\/b><\/span><span lang=\"en-GB\">\u00a0\u2013<\/span><\/em><\/h4>\n<p>[\/vc_column_text][vc_separator type=&#8221;transparent&#8221; up=&#8221;31&#8243; down=&#8221;10&#8243;][vc_separator type=&#8221;normal&#8221; down=&#8221;30&#8243;][\/vc_column][\/vc_row][vc_row css_animation=&#8221;&#8221; row_type=&#8221;row&#8221; use_row_as_full_screen_section=&#8221;no&#8221; type=&#8221;full_width&#8221; angled_section=&#8221;no&#8221; text_align=&#8221;left&#8221; background_image_as_pattern=&#8221;without_pattern&#8221; side_padding=&#8221;10&#8243; padding_top=&#8221;50&#8243; padding_bottom=&#8221;50&#8243;][vc_column width=&#8221;1\/2&#8243;][vc_single_image image=&#8221;15321&#8243; img_size=&#8221;large&#8221; alignment=&#8221;center&#8221; style=&#8221;vc_box_shadow&#8221; qode_css_animation=&#8221;&#8221;][\/vc_column][vc_column width=&#8221;1\/2&#8243;]<div class='q_icon_with_title tiny normal_icon '><div class=\"icon_holder \" style=\" \"><span data-icon-type=\"normal\"   style=\"\" class=\"qode_iwt_icon_holder q_font_awsome_icon fa-lg  \"><i class=\"qode_icon_font_awesome fa fa-location-arrow qode_iwt_icon_element\" style=\"color: #f77000;\" ><\/i><\/span><\/div><div class=\"icon_text_holder\" style=\"\"><div class=\"icon_text_inner\" style=\"\"><h5 class=\"icon_title\" style=\"color: #f77000;\">KAD<\/h5><p style=''><\/p><\/div><\/div><\/div>[vc_column_text]<\/p>\n<p class=\"p1\"><strong><span class=\"s1\">13. &#8211; 15. jun 2013. od 20 sati<\/span><\/strong><\/p>\n<p>[\/vc_column_text][vc_separator type=&#8221;transparent&#8221; down=&#8221;10px&#8221;]<div class='q_icon_with_title tiny normal_icon '><div class=\"icon_holder \" style=\" \"><span data-icon-type=\"normal\"   style=\"\" class=\"qode_iwt_icon_holder q_font_awsome_icon fa-lg  \"><i class=\"qode_icon_font_awesome fa fa-location-arrow qode_iwt_icon_element\" style=\"color: #f77000;\" ><\/i><\/span><\/div><div class=\"icon_text_holder\" style=\"\"><div class=\"icon_text_inner\" style=\"\"><h5 class=\"icon_title\" style=\"color: #f77000;\">GDE<\/h5><p style=''><\/p><\/div><\/div><\/div>[vc_column_text]<\/p>\n<p class=\"p1\"><strong>Muzej istorije Jugoslavije, Boticeva 6<\/strong><strong>, Beograd<\/strong><\/p>\n<p>[\/vc_column_text][vc_separator type=&#8221;transparent&#8221; down=&#8221;10px&#8221;]<div class='q_icon_with_title tiny normal_icon '><div class=\"icon_holder \" style=\" \"><span data-icon-type=\"normal\"   style=\"\" class=\"qode_iwt_icon_holder q_font_awsome_icon fa-lg  \"><i class=\"qode_icon_font_awesome fa fa-location-arrow qode_iwt_icon_element\" style=\"color: #f77000;\" ><\/i><\/span><\/div><div class=\"icon_text_holder\" style=\"\"><div class=\"icon_text_inner\" style=\"\"><h5 class=\"icon_title\" style=\"color: #f77000;\">U\u010cESTVUJU<\/h5><p style=''><\/p><\/div><\/div><\/div>[vc_column_text]<\/p>\n<p class=\"p2\"><strong><span class=\"s1\">Muharem Bazdulj,\u00a0<\/span><span class=\"s1\">Ante Tomi\u0107,\u00a0<\/span><span class=\"s1\">Teofil Pan\u010di\u0107,\u00a0<\/span><span class=\"s1\">Ljubomir \u017divkov,\u00a0<\/span><span class=\"s1\">Amitz Dulniker,\u00a0<\/span><span class=\"s1\">Njuz.net,\u00a0<\/span>Vladimir Arsenijevi\u0107,\u00a0<span class=\"s1\">Melinda Nadj Abonji,\u00a0<\/span><span class=\"s1\">Sylvain Prudhomme,\u00a0<\/span><span class=\"s1\">\u017delimir \u017dilnik,\u00a0<\/span><span class=\"s1\">Abdulah Sidran,\u00a0<\/span>Rodolphe Burger,\u00a0<span class=\"s1\">Ah, Ahilej i\u00a0<\/span><span class=\"s1\">Marko Brecelj\u00a0<\/span><\/strong><\/p>\n<p>[\/vc_column_text][\/vc_column][\/vc_row][vc_row css_animation=&#8221;&#8221; row_type=&#8221;row&#8221; use_row_as_full_screen_section=&#8221;no&#8221; type=&#8221;full_width&#8221; angled_section=&#8221;no&#8221; text_align=&#8221;left&#8221; background_image_as_pattern=&#8221;without_pattern&#8221;][vc_column][vc_gallery type=&#8221;image_grid&#8221; images=&#8221;15390,15391,15392,15393&#8243; img_size=&#8221;600&#215;600&#8243; onclick=&#8221;custom_link&#8221; column_number=&#8221;4&#8243; grayscale=&#8221;no&#8221; images_space=&#8221;gallery_without_space&#8221; custom_links=&#8221;#E-8_aHR0cCUzQSUyRiUyRnd3dy5rcm9rb2RpbC5ycyUyRmdhbGVyaWphLWZlc3RpdmFsYS1rcm9rb2RpbC0yMDEzJTJGJTJDaHR0cCUzQSUyRiUyRnd3dy5rcm9rb2RpbC5ycyUyRmdhbGVyaWphLWZlc3RpdmFsYS1rcm9rb2RpbC0yMDEzJTJGJTJDaHR0cCUzQSUyRiUyRnd3dy5rcm9rb2RpbC5ycyUyRmdhbGVyaWphLWZlc3RpdmFsYS1rcm9rb2RpbC0yMDEzJTJGJTJDaHR0cCUzQSUyRiUyRnd3dy5rcm9rb2RpbC5ycyUyRmdhbGVyaWphLWZlc3RpdmFsYS1rcm9rb2RpbC0yMDEzJTJG&#8221;][\/vc_column][\/vc_row][vc_row css_animation=&#8221;&#8221; row_type=&#8221;row&#8221; use_row_as_full_screen_section=&#8221;no&#8221; type=&#8221;grid&#8221; angled_section=&#8221;no&#8221; text_align=&#8221;left&#8221; background_image_as_pattern=&#8221;without_pattern&#8221; background_color=&#8221;#ffffff&#8221; padding_top=&#8221;78&#8243; padding_bottom=&#8221;14&#8243;][vc_column][vc_separator type=&#8221;transparent&#8221; up=&#8221;10&#8243;][vc_column_text]<\/p>\n<p class=\"p1\"><span class=\"s1\">Festival KROKODIL je petogodi\u0161njak! Po\u010deo je 2009. godine u Beogradu, u bioskopskoj sali Muzeja istorije Jugoslavije, s idejom da predstavi regionalnu i evropsku knji\u017eevnost u njenom punom obimu, na jedinstven i originalan na\u010din \u2013 bez generacijskih, poeti\u010dkih, rodnih ili bilo kakvih drugih isklju\u010divosti.<\/span><\/p>\n<p>&nbsp;<\/p>\n<p class=\"p1\"><span class=\"s1\">Za proteklih pet godina kroz festival je pro\u0161lo preko 70 najzna\u010dajnijih pisaca iz zemlje, regiona i inostranstva. Kroz program KROKODIL NA PUTU posetili smo Pulu, Lajpcig, Zagreb, Ljubljanu, In\u0111iju, uskoro slede nove destinacije.<\/span><\/p>\n<p>&nbsp;<\/p>\n<p class=\"p1\"><span class=\"s1\">Ove godine, KROKODIL \u0107e se odr\u017eati od 13. do 15. juna 2013 u Beogradu, na starom mestu \u2013 amfiteatru ispred Muzeja istorije Jugoslavije na Dedinju, Boti\u0107eva 6.<\/span><\/p>\n<p>&nbsp;<\/p>\n<p class=\"p1\"><span class=\"s1\">KROKODIL \u0107e po prvi put biti podeljen u tri tematske ve\u010deri.<\/span><\/p>\n<p>&nbsp;<\/p>\n<p class=\"p1\"><span class=\"s1\">Prvo ve\u010de bi\u0107e posve\u0107eno me\u0161avini knji\u017eevnog i novinarskog stvarala\u0161tva, na kojoj \u0107e se predstaviti savremeni kolumnisti iz regiona biv\u0161e Jugoslavije.<\/span><\/p>\n<p>&nbsp;<\/p>\n<p class=\"p1\"><span class=\"s1\">Drugo ve\u010de bavi se razli\u010ditim formama moderne knji\u017eevnosti i provokativnim pristupima ve\u0161tini pisanja.<\/span><\/p>\n<p>&nbsp;<\/p>\n<p class=\"p1\"><span class=\"s1\">Tre\u0107e ve\u010de posve\u0107eno je ve\u010dnoj, kreativnoj vezi izme\u0111u muzike i knji\u017eevnosti.<\/span><\/p>\n<p>[\/vc_column_text][vc_column_text]<\/p>\n<p class=\"p1\"><span class=\"s1\">U\u010desnici:<\/span><\/p>\n<p>&nbsp;<\/p>\n<p class=\"p1\"><strong><span class=\"s1\">13.06.2013. U NOVINARSTVU:<\/span><\/strong><\/p>\n<p class=\"p1\"><span class=\"s1\">Muharem Bazdulj (Bosna i Hercegovina)<\/span><\/p>\n<p class=\"p1\"><span class=\"s1\">Ante Tomi\u0107 (Hrvatska)<\/span><\/p>\n<p class=\"p1\"><span class=\"s1\">Teofil Pan\u010di\u0107 (Srbija)<\/span><\/p>\n<p class=\"p1\"><span class=\"s1\">Ljubomir \u017divkov (Srbija)<\/span><\/p>\n<p class=\"p1\"><span class=\"s1\">Amitz Dulniker (Srbija)<\/span><\/p>\n<p class=\"p1\"><span class=\"s1\">Njuz.net (Srbija)<\/span><\/p>\n<p>&nbsp;<\/p>\n<p class=\"p1\"><strong><span class=\"s1\">14.06.2013. U PROZI:<\/span><\/strong><\/p>\n<p class=\"p1\"><span class=\"s1\">Vladimir Arsenijevi\u0107 (Srbija)<\/span><\/p>\n<p class=\"p1\"><span class=\"s1\">Melinda Nadj Abonji (\u0160vajcarska)<\/span><\/p>\n<p class=\"p1\"><span class=\"s1\">Sylvain Prudhomme (Francuska)<\/span><\/p>\n<p class=\"p1\"><span class=\"s1\">\u017delimir \u017dilnik (Srbija)<\/span><\/p>\n<p class=\"p1\"><span class=\"s1\">Abdulah Sidran (Bosna i Hercegovina)<\/span><\/p>\n<p>&nbsp;<\/p>\n<p class=\"p1\"><strong><span class=\"s1\">15.06.2013. U MUZICI:<\/span><\/strong><\/p>\n<p class=\"p1\"><span class=\"s1\">Rodolphe Burger (Francuska)<\/span><\/p>\n<p class=\"p1\"><span class=\"s1\">Ah, Ahilej (Srbija)<\/span><\/p>\n<p class=\"p1\"><span class=\"s1\">Marko Brecelj (Slovenija)<\/span><\/p>\n<p class=\"p1\"><span class=\"s1\">*<\/span><\/p>\n<p>&nbsp;<\/p>\n<p class=\"p1\"><strong><span class=\"s1\">okrugli sto &#8211; \u00ab100% BEEF \u2013 Bura u \u010da\u0161i vode\u00bb, 14. jun od 14h<\/span><\/strong><\/p>\n<p class=\"p1\"><span class=\"s1\">Kulturni centar Grad, Bra\u0107e Krsmanovi\u0107a 4<\/span><\/p>\n<p>&nbsp;<\/p>\n<p class=\"p1\"><span class=\"s1\">U poslednjih petnaestak godina u domenu kulture i knji\u017eevnosti svedoci smo mnogobrojnih \u017eu\u010dnih sukoba koji naj\u010de\u0161\u0107e zavr\u0161avaju ustanovljavanjem nepomirljivih razlika i potpunim prekidom saradnji, pa i prijateljstava zarad knji\u017eevnih ili politi\u010dkih razloga, a \u010desto i iz razloga koji ne pripadaju nijednom od ta dva domena, ve\u0107 se jedino mogu podvesti pod kategoriju \u00abprivatno\u00bb. Da li je, imaju\u0107i na umu poznatu skasku o \u0161umi i drve\u0107u, u tom smislu zaista va\u017enija \u0161uma ili drve\u0107e?<\/span><\/p>\n<p>&nbsp;<\/p>\n<p class=\"p1\"><span class=\"s1\">KROKODILOV okrugli sto \u00ab100% BEEF \u2013 Bura u \u010da\u0161i vode\u00bb namerava da kroz dinami\u010dan razgovor sa na\u0161im gostima proveri upravo to.<\/span><\/p>\n<p>&nbsp;<\/p>\n<p class=\"p1\"><strong><span class=\"s1\">U\u010destvuju:<\/span><\/strong><\/p>\n<p class=\"p1\"><span class=\"s1\">Teofil Pan\u010di\u0107, Kruno Lokotar, Muharem Bazdulj, Sa\u0161a Ili\u0107, Njuz.net. Moderator Vladimir Arsenijevi\u0107.<\/span><\/p>\n<p>&nbsp;<\/p>\n<p class=\"p1\"><strong><span class=\"s1\">Razgovor sa Rodolfom Bir\u017eeom<\/span><\/strong><\/p>\n<p>&nbsp;<\/p>\n<p class=\"p1\"><span class=\"s1\">14. jun od 18h, Francuski institut, Knez Mihailova 31<\/span><\/p>\n<p>&nbsp;<\/p>\n<p class=\"p1\"><span class=\"s1\">Rodolf Bir\u017ee \u0107e na ovom jedinstvenom susretu govoriti o poreklu projekta Psihofarmaka i o vi\u0161estrukoj saradnji sa piscem Olivijeom Kadijoom.<\/span><\/p>\n<p>&nbsp;<\/p>\n<p class=\"p1\"><span class=\"s1\">Francuski institut u Srbiji i Gete institut Beograd odabrali su ovaj simboli\u010dni projekat da bi proslavili pedesetogodi\u0161njicu Jelisejskog sporazuma koji je ozna\u010dio francusko nema\u010dko pomirenje.<\/span><\/p>\n<p>[\/vc_column_text][\/vc_column][\/vc_row][vc_row css_animation=&#8221;&#8221; row_type=&#8221;row&#8221; use_row_as_full_screen_section=&#8221;no&#8221; type=&#8221;grid&#8221; angled_section=&#8221;no&#8221; text_align=&#8221;left&#8221; background_image_as_pattern=&#8221;without_pattern&#8221; background_color=&#8221;#ffffff&#8221; padding_top=&#8221;10&#8243;][vc_column][vc_separator type=&#8221;transparent&#8221; down=&#8221;30&#8243;][\/vc_column][\/vc_row][vc_row css_animation=&#8221;&#8221; row_type=&#8221;row&#8221; use_row_as_full_screen_section=&#8221;no&#8221; type=&#8221;grid&#8221; angled_section=&#8221;no&#8221; text_align=&#8221;left&#8221; background_image_as_pattern=&#8221;without_pattern&#8221; padding_top=&#8221;5&#8243; padding_bottom=&#8221;5&#8243;][vc_column]<div class='qode_carousels_holder clearfix'><div class='qode_carousels' data-number-of-visible-items=''><ul class='slides'><li class='item'><div class=\"carousel_item_holder\"><a itemprop='url' href='https:\/\/www.erstebank.rs\/rs\/' target='_blank'><span class='first_image_holder '><img itemprop=\"image\" src=\"http:\/\/www.krokodil.rs\/eng\/wp-content\/uploads\/2016\/08\/erste.png\" alt=\"carousel image\" \/><\/span><\/a><\/div><\/li><li class='item'><div class=\"carousel_item_holder\"><a itemprop='url' href='http:\/\/www.goethe.de\/ins\/cs\/sr\/bel.html?wt_sc=belgrad%3b' target='_blank'><span class='first_image_holder '><img itemprop=\"image\" src=\"http:\/\/www.krokodil.rs\/eng\/wp-content\/uploads\/2016\/08\/goethe.png\" alt=\"carousel image\" \/><\/span><\/a><\/div><\/li><li class='item'><div class=\"carousel_item_holder\"><a itemprop='url' href='http:\/\/www.kultura.gov.rs\/' target='_blank'><span class='first_image_holder '><img itemprop=\"image\" src=\"http:\/\/www.krokodil.rs\/eng\/wp-content\/uploads\/2016\/08\/ministarstvo.png\" alt=\"carousel image\" \/><\/span><\/a><\/div><\/li><li class='item'><div class=\"carousel_item_holder\"><a itemprop='url' href='http:\/\/www.beograd.rs\/' target='_blank'><span class='first_image_holder '><img itemprop=\"image\" src=\"http:\/\/www.krokodil.rs\/eng\/wp-content\/uploads\/2016\/08\/grad-beograd.png\" alt=\"carousel image\" \/><\/span><\/a><\/div><\/li><li class='item'><div class=\"carousel_item_holder\"><a itemprop='url' href='http:\/\/serbian.traduki.eu\/' target='_blank'><span class='first_image_holder '><img itemprop=\"image\" src=\"http:\/\/www.krokodil.rs\/eng\/wp-content\/uploads\/2016\/08\/traduki.png\" alt=\"carousel image\" \/><\/span><\/a><\/div><\/li><li class='item'><div class=\"carousel_item_holder\"><a itemprop='url' href='https:\/\/kulturstiftung.allianz.de\/en\/' target='_self'><span class='first_image_holder has_hover_image'><img itemprop=\"image\" src=\"http:\/\/www.krokodil.rs\/eng\/wp-content\/uploads\/2017\/03\/AKS-logo.png\" alt=\"carousel image\" \/><\/span><span class='second_image_holder has_hover_image'><img itemprop=\"image\" src=\"http:\/\/www.krokodil.rs\/eng\/wp-content\/uploads\/2017\/03\/AKS-logo.png\" alt=\"carousel image\" \/><\/span><\/a><\/div><\/li><\/ul><\/div><\/div>[\/vc_column][\/vc_row]<\/p>\n<\/section>","protected":false},"excerpt":{"rendered":"<p>[vc_row css_animation=&#8221;&#8221; row_type=&#8221;row&#8221; use_row_as_full_screen_section=&#8221;no&#8221; type=&#8221;grid&#8221; angled_section=&#8221;no&#8221; text_align=&#8221;left&#8221; background_image_as_pattern=&#8221;without_pattern&#8221; padding_top=&#8221;87&#8243;][vc_column][vc_column_text] \u00a0FESTIVA KROKODIL 2013. [\/vc_column_text][vc_separator type=&#8221;small&#8221; position=&#8221;center&#8221; color=&#8221;#ff7000&#8243;][vc_column_text] \u2013\u00a0TEMA\u00a0\u2013 [\/vc_column_text][vc_separator type=&#8221;transparent&#8221; up=&#8221;31&#8243; down=&#8221;10&#8243;][vc_separator type=&#8221;normal&#8221; down=&#8221;30&#8243;][\/vc_column][\/vc_row][vc_row css_animation=&#8221;&#8221; row_type=&#8221;row&#8221; use_row_as_full_screen_section=&#8221;no&#8221; type=&#8221;full_width&#8221; angled_section=&#8221;no&#8221; text_align=&#8221;left&#8221; background_image_as_pattern=&#8221;without_pattern&#8221; side_padding=&#8221;10&#8243; padding_top=&#8221;50&#8243; padding_bottom=&#8221;50&#8243;][vc_column width=&#8221;1\/2&#8243;][vc_single_image image=&#8221;15321&#8243; img_size=&#8221;large&#8221; alignment=&#8221;center&#8221; style=&#8221;vc_box_shadow&#8221; qode_css_animation=&#8221;&#8221;][\/vc_column][vc_column width=&#8221;1\/2&#8243;][vc_column_text] 13. &#8211; 15. jun 2013&#8230;.<\/p>\n","protected":false},"author":1,"featured_media":0,"parent":0,"menu_order":0,"comment_status":"closed","ping_status":"closed","template":"full_width.php","meta":{"om_disable_all_campaigns":false,"_monsterinsights_skip_tracking":false,"_monsterinsights_sitenote_active":false,"_monsterinsights_sitenote_note":"","_monsterinsights_sitenote_category":0},"aioseo_notices":[],"_links":{"self":[{"href":"https:\/\/www.krokodil.rs\/eng\/wp-json\/wp\/v2\/pages\/15324"}],"collection":[{"href":"https:\/\/www.krokodil.rs\/eng\/wp-json\/wp\/v2\/pages"}],"about":[{"href":"https:\/\/www.krokodil.rs\/eng\/wp-json\/wp\/v2\/types\/page"}],"author":[{"embeddable":true,"href":"https:\/\/www.krokodil.rs\/eng\/wp-json\/wp\/v2\/users\/1"}],"replies":[{"embeddable":true,"href":"https:\/\/www.krokodil.rs\/eng\/wp-json\/wp\/v2\/comments?post=15324"}],"version-history":[{"count":2,"href":"https:\/\/www.krokodil.rs\/eng\/wp-json\/wp\/v2\/pages\/15324\/revisions"}],"predecessor-version":[{"id":15414,"href":"https:\/\/www.krokodil.rs\/eng\/wp-json\/wp\/v2\/pages\/15324\/revisions\/15414"}],"wp:attachment":[{"href":"https:\/\/www.krokodil.rs\/eng\/wp-json\/wp\/v2\/media?parent=15324"}],"curies":[{"name":"wp","href":"https:\/\/api.w.org\/{rel}","templated":true}]}}